 h(12).
5
Let d(u) = u**2 + 38*u - 307. Let a be d(7). Let b(n) = 9*n - 3. Let x(m) = m + 1. Let h(w) = b(w) - 6*x(w). Give h(a).
15
Let q(m) = 14*m + 40. Let t = 20765 - 20768. What is q(t)?
-2
Let g(q) be the second derivative of q**5/20 + q**4/3 + 5*q**3/6 + 4*q**2 + 5618*q. Suppose -j + 4*f - 4 = 0, -2*j + 5*f - 5 - 3 = 0. What is g(j)?
-12
Let u(k) be the first derivative of -k**3/3 + k**2/2 - k + 2. Let f(a) = -a. Let j(l) = -4*l. Let r(t) = 3*f(t) - j(t). Let v be r(-3). Calculate u(v).
-13
Let u = 236 + -233. Let h(f) = -u*f**2 + 34*f**3 + 2*f + f - 2*f - 33*f**3 + 2*f**2. Give h(0).
0
Let l(h) = -41*h - 31 - 47*h + 176*h - 46*h - 35*h. What is l(9)?
32
Suppose 0 = -41*x + 44*x + 84. Suppose 0 = r - 3*r - 54. Let y = r - x. Let w(a) = 2*a**3 - 1. Determine w(y).
1
Let p(s) = 27 - 10*s - 3 - 8 + 3. Determine p(3).
-11
Let z(w) = -3*w + 4. Let x be (9/(-135)*-25)/((-5)/(-12)). Suppose 32 = -4*i + g + 3*g, -4 = -x*i - 5*g. Determine z(i).
16
Suppose -2*r = 2*u - 20, 15*u = -5*r + 17*u + 15. Let o(l) = -2*l**2 + 28*l - 87. Let d be o(r). Let v(b) = -b**3 + 6*b**2 - 3*b + 1. Determine v(d).
19
Let t(q) = -76 + 39 + 4*q + 42. Let h(k) = 14*k - 116. Let o be h(8). Determine t(o).
-11
Suppose -36 = -i + 4*r, 40 = i - 0*i - 2*r. Suppose 4*u - 2 = -6, 4*f - i = -4*u. Let t(m) = -m + 15. Calculate t(f).
3
Suppose 0*u - 15 = -u. Suppose -c + 0*y = -3*y - u, -c = -5*y - 17. Suppose c = 3*b + 3*b. Let f(s) = s**3 - 3*s**2 + 2*s. Calculate f(b).
0
Let p(m) = m**3 + 20*m**2 + 19*m + 7. Let o = 58 - -5. Suppose -2*q - 5*d + o = -4*q, 4*q = -2*d - 66. What is p(q)?
7
Suppose 0 = -y + o + 3, -13*y - 5*o = -17*y + 15. Let b(n) = n**2 + 118*n**3 - n + 2*n**2 + y*n**2 - 1 - 120*n**3. Calculate b(2).
-7
Let c(p) be the third derivative of -p**4/8 - p**3/6 + 59*p**2. Let o(a) = a**3 + 3*a**2 + 2*a - 3. Let l be o(-2). What is c(l)?
8
Let z be (10 + (2 - 2))/(-5 + 3). Let w(g) be the third derivative of -6*g**2 + 0*g + 1/24*g**4 + 0 + 0*g**3. What is w(z)?
-5
Let k(s) = -5*s**2 + 153*s + 3. Let g(j) = 4*j**2 - 112*j - 2. Let w(z) = -4*g(z) - 3*k(z). What is w(-7)?
27
Suppose 2*w - 18 = 2*o, 2*w + 18*o = 13*o - 3. Let y(b) = 2*b**3 - 11*b**2 - 5*b - 11. Give y(w).
-5
Let v(f) = 2*f**3 + 69*f**2 + 36*f + 60. Let l be v(-34). Let h(y) be the second derivative of -y**4/12 - 3*y**3/2 - 9*y**2/2 + 2*y. What is h(l)?
-1
Let p(j) be the second derivative of -j**5/20 - j**4/2 - 4*j**2 + 1042*j. Suppose 39 + 9 = 2*w. Suppose 0*z = -4*z - w. What is p(z)?
-8
Suppose -2*f + 3*m = 9, -f - 2*f + 14 = m. Let l(a) be the second derivative of 1/20*a**5 - 1 + 9*a + 1/2*a**3 + 3/2*a**2 - 1/4*a**4. What is l(f)?
12
Let o be 108/(-16)*(-8)/6. Suppose 5*z - 12 = l, 0 = -8*l + o*l - 3*z + 6. Let c(y) = -y**2 - y + 2. Determine c(l).
-10
Let r(u) be the second derivative of 0*u**3 - 1/2*u**4 + 0 + u**2 - 75*u + 1/20*u**5. What is r(6)?
2
Let v be 1 + 0 + 1 + 3. Let x(c) = -7*c + 2 + 0 + 0 + v*c. Calculate x(5).
-8
Let y(c) = -1791 + 898 + 3*c - 9*c + 909. Calculate y(3).
-2
Let r(m) = 3*m + 14. Let a be r(-24). Let k = a + 60. Let w(o) = 6*o + 3*o**2 - 4*o**k - 6 + 3*o**2 - 3*o**2. Calculate w(6).
-6
Let h(d) be the second derivative of -2*d**3/3 - d**2/2 - 2*d. Suppose -5*r - 22 + 97 = 0. Suppose -5*g + 20*g - r = 0. Determine h(g).
-5
Let y(x) = -x - 6. Let f(r) = -4*r**2 - 22*r - 24. Let t be f(-4). Suppose -g - 10 = -4*o, g + 4*o + o - 26 = t. Determine y(g).
-12
Let p(h) = 7*h**2 + 18. Let d(k) = -3*k**2 - k - 8. Let b(j) = -5*d(j) - 2*p(j). Let o = -13 + 6. What is b(o)?
18
Let x(r) be the second derivative of -r**5/20 - 11*r**4/12 - 4*r**3/3 + 7*r**2 - r. Let n = -2744 - -2734. What is x(n)?
-6
Suppose -3*m + m = -4*z - 16, 20 = -5*z - 4*m. Let t(x) = 13*x + 45. Let w be t(z). Let a(u) = -u**3 - 6*u**2 + 8*u + 9. Calculate a(w).
2
Let c(i) = 4*i + 3. Suppose 0 = d + d - 0*d + 3*o + 4, 0 = -o. Determine c(d).
-5
Let s = -3 + 2. Let g(d) = d - 1. Let l be (37 + -34)*1/(-3). Let x(h) = 10*h - 5. Let a(q) = l*x(q) + 4*g(q). What is a(s)?
7
Let w = -11495 + 11494. Let f(p) = -3*p**3 - 3*p**2 - 3*p - 1. Calculate f(w).
2
Let m(i) = i**3 - 4*i**2 + 1. Let w(x) = 5*x**3 - 36*x**2 + 2*x + 49. Let y(v) = -6*m(v) + w(v). Calculate y(-12).
19
Let n(k) = 476 - 6*k + 0*k - 1009 + 461 - 2*k. Let g(z) = -4*z - 32. Let v(x) = 7*g(x) - 3*n(x). Determine v(-3).
4
Let y(q) be the third derivative of -q**4/4 - 4*q**3/3 - q**2. Let f(i) = i**3 + 248*i**2 + 19*i + 4709. Let g be f(-248). Determine y(g).
10
Let r = 2193 - 2185. Let w(a) be the second derivative of -a**6/360 + a**5/15 - a**4/12 + 5*a**3/6 + 4*a. Let q(k) be the second derivative of w(k). Give q(r).
-2
Let l(k) = -7*k + 1. Let i(y) = 17*y + 66. Let t(j) = -i(j) - 2*l(j). Give t(-21).
-5
Let s(q) be the first derivative of -101 + 1/3*q**3 - 3/2*q**2 - 3*q. Give s(5).
7
Let q(s) = -s**2 - 7*s - 2. Let f be -5*(-3 - (-60)/25). Suppose -c = 4*c + 4*l + 505, -l - 296 = f*c. Let v = 91 + c. What is q(v)?
4
Let z(l) = -8*l + 25. Suppose 7*w + 42 + 46 = 29*w. What is z(w)?
-7
Let r(h) = -h**2 - 2*h. Suppose 3*t - 10*t + 35 = 0. Suppose 6*g - g + t = 0. Let z be 4/(-2) + (g - -1)/1. Calculate r(z).
0
Let t be 2*76/8 - 4. Suppose g - t = -18. Let n be 3/9 + 1/g. Let y(z) = -z**2 - z - 1. Give y(n).
-1
Let l(m) = 8*m - 8. Suppose -32*b - 14 = -64 - 14. Determine l(b).
8
Let h(c) = -5*c**3 - 15*c**2 + 17*c - 44. Let z(u) = 22*u**3 + 59*u**2 - 68*u + 177. Let q(j) = -13*h(j) - 3*z(j). Give q(17).
41
Let z(y) = y. Let d(a) = a**2 + 4. Let x(r) = -d(r) + 4*z(r). Let m = -121 + 121. Suppose m = -2*g + 2, 0*g = -4*q + 3*g + 13. Give x(q).
-4
Let g(t) be the first derivative of -8*t**3/3 + 1. Suppose 0 = 5*j + 5*z + 35, 9 = 3*j + 8*z - 10*z. Calculate g(j).
-8
Suppose -18*t + 3194 - 530 = 0. Let n = -151 + t. Let h(p) be the second derivative of -p**4/12 - p**3/2 - 3*p**2/2 - 4*p. Give h(n).
-3
Let t be (-1)/2*-4*(-6)/4. Let y(h) = -2*h + 5*h - 7*h - 4. What is y(t)?
8
Let p(v) be the first derivative of v**3/3 - 3*v**2 - 41*v + 577. What is p(10)?
-1
Suppose 13 = 5*g - 42. Suppose 8*f - g*f = 3. Let z(u) = -12 - 2*u - 33*u**2 + 11 + 5*u**3 + 31*u**2. What is z(f)?
-6
Let m(f) = -f + 23. Let p be 28/5 + -6 - 214/(-10). Let w(z) = -16*z - p + 9*z + 9*z - z. Let r(v) = -6*m(v) - 7*w(v). Give r(7).
2
Let h(s) = s**2 - 10*s - 17. Let v(k) = 4*k + 25*k**2 - 20*k**2 + k**3 + 12 + 2*k. Let o be v(-2). Give h(o).
7
Let z(r) = -r**2 - 6*r - 9. Let h(w) = w**3 + 20*w**2 - 23*w - 39. Let c be h(-21). Let n(t) = t - 10. Let a be n(c). Calculate z(a).
-16
Let w = 141 + -141. Let r(y) = 3 + 2*y + 34*y**2 - 31*y**2 + w + 0 - y**3. What is r(3)?
9
Let d be 2 + -5 + 3 + 3. Suppose -d + 13 = 2*l. Let g(a) = a + 4. Let r(t) = -t - 2. Let y(c) = -4*g(c) - 5*r(c). Determine y(l).
-1
Suppose -17217 - 10776 = 43*l. Let z = 643 + l. Let g(r) = r + 8. What is g(z)?
0
Let b(j) be the second derivative of 0 - 3*j**2 - 4/3*j**3 + 1/6*j**4 + 24*j. Let s be b(5). Let q(x) = -x**2 + 3*x - 2. What is q(s)?
-6
Let v(y) be the first derivative of -y**2 - 9*y - 1624. Determine v(-6).
3
Let n(f) be the third derivative of -f**8/4032 - f**6/720 + 5*f**5/3 + 17*f**2 - 3. Let s(w) be the third derivative of n(w). Give s(-1).
-6
Let p(u) = 5*u + 58. Let d(z) = 2*z**3 + 19*z**2 - 3*z - 14. Let g be d(0). Calculate p(g).
-12
Let q(p) be the first derivative of -p**3/3 - p - 10020. Suppose 0*m - 5*s + 28 = 3*m, 10 = -5*m + 3*s. Determine q(m).
-2
Suppose -x = -6*x. Suppose -y - 4*y - 3*z + 17 = x, z = -1. Let b be y + (-4 - -1) + 4 + -9. Let u(l) = -l**3 - 4*l**2 - l + 2. Calculate u(b).
6
Suppose -5*n + 20 = 5*c, 3*c + 3*n - 8 = -2*n. Suppose -c = -3*s + s + f, 5*f = 0. Let w(g) = g**2 - 4*g. Determine w(s).
-3
Let g(f) be the first derivative of -f**4/4 + 3*f**3 - 9*f**2/2 + 12*f - 16495. Let z be -4*1/3*-6. Determine g(z).
4
Let d = 462 + -462. Let a(y) = y**3 - 2*y**2 + y - 70. Determine a(d).
-70
Let r(a) = 2*a**2 - 43*a - 732. Let n be r(-11). Let d(k) = 2*k**3 + 34*k**2 + k + 26. Give d(n).
9
Let y(p) = -43*p**2 - 6*p + 5. Suppose -2*g = -12 - 0, 5*t - 5*g + 25 = 0. What is y(t)?
-44
Let b(f) be the second derivative of f**4/12 + 5*f**3/6 - 3*f**2/2 + f. Suppose k - 89 = -3*v + 71, -4*k + 700 = -3*v. Suppose -22 + k = -25*r. What is b(r)?
3
Let h(r) = 987*r - 363. Let i(j) = 536*j - 